20
What is the remainder when 205 is divided by 110?
95
What is the remainder when 72 is divided by 11?
6
Calculate the remainder when 1798 is divided by 15.
13
What is the remainder when 1679 is divided by 60?
59
Calculate the remainder when 509 is divided by 465.
44
What is the remainder when 24645 is divided by 157?
153
Calculate the remainder when 125 is divided by 52.
21
Calculate the remainder when 837 is divided by 279.
0
What is the remainder when 5188 is divided by 6?
4
What is the remainder when 3966 is divided by 29?
22
What is the remainder when 3036 is divided by 43?
26
What is the remainder when 3359 is divided by 116?
111
Calculate the remainder when 41 is divided by 12.
5
Calculate the remainder when 231 is divided by 25.
6
Calculate the remainder when 1091 is divided by 42.
41
What is the remainder when 626 is divided by 21?
17
What is the remainder when 30 is divided by 8?
6
What is the remainder when 14200 is divided by 18?
16
What is the remainder when 1849 is divided by 368?
9
What is the remainder when 555 is divided by 109?
10
What is the remainder when 1300 is divided by 113?
57
Calculate the remainder when 1054 is divided by 153.
136
Calculate the remainder when 3706 is divided by 14.
10
Calculate the remainder when 1188 is divided by 561.
66
Calculate the remainder when 141 is divided by 96.
45
Calculate the remainder when 5357 is divided by 47.
46
Calculate the remainder when 275 is divided by 68.
3
Calculate the remainder when 591 is divided by 17.
13
Calculate the remainder when 174 is divided by 15.
9
What is the remainder when 613 is divided by 124?
117
Calculate the remainder when 65 is divided by 18.
11
What is the remainder when 172 is divided by 29?
27
Calculate the remainder when 575 is divided by 46.
23
What is the remainder when 1780 is divided by 47?
41
What is the remainder when 193 is divided by 90?
13
What is the remainder when 208 is divided by 125?
83
What is the remainder when 43 is divided by 22?
21
What is the remainder when 470 is divided by 120?
110
Calculate the remainder when 182 is divided by 21.
14
Calculate the remainder when 428 is divided by 40.
28
What is the remainder when 872 is divided by 146?
142
What is the remainder when 283 is divided by 65?
23
What is the remainder when 461 is divided by 131?
68
What is the remainder when 1221 is divided by 58?
3
Calculate the remainder when 108 is divided by 15.
3
What is the remainder when 65 is divided by 7?
2
What is the remainder when 700 is divided by 169?
24
Calculate the remainder when 156 is divided by 45.
21
Calculate the remainder when 8250 is divided by 2061.
6
Calculate the remainder when 6232 is divided by 23.
22
What is the remainder when 13 is divided by 11?
2
What is the remainder when 63 is divided by 34?
29
Calculate the remainder when 77 is divided by 26.
25
What is the remainder when 98 is divided by 3?
2
Calculate the remainder when 180 is divided by 77.
26
Calculate the remainder when 401 is divided by 14.
9
Calculate the remainder when 1149 is divided by 53.
36
What is the remainder when 18010 is divided by 12?
10
Calculate the remainder when 15082 is divided by 38.
34
What is the remainder when 3829 is divided by 15?
4
What is the remainder when 118 is divided by 10?
8
What is the remainder when 296 is divided by 8?
0
What is the remainder when 1540 is divided by 107?
42
Calculate the remainder when 325 is divided by 4.
1
Calculate the remainder when 68 is divided by 12.
8
Calculate the remainder when 1493 is divided by 68.
65
Calculate the remainder when 1793 is divided by 447.
5
What is the remainder when 109 is divided by 24?
13
What is the remainder when 67 is divided by 7?
4
What is the remainder when 48 is divided by 31?
17
Calculate the remainder when 497 is divided by 135.
92
Calculate the remainder when 195 is divided by 26.
13
Calculate the remainder when 212 is divided by 187.
25
Calculate the remainder when 461 is divided by 68.
53
What is the remainder when 269 is divided by 19?
3
What is the remainder when 349 is divided by 238?
111
What is the remainder when 22487 is divided by 173?
170
Calculate the remainder when 1126 is divided by 374.
4
What is the remainder when 639 is divided by 72?
63
What is the remainder when 717 is divided by 181?
174
Calculate the remainder when 33741 is divided by 24.
21
Calculate the remainder when 1025 is divided by 85.
5
Calculate the remainder when 1579 is divided by 12.
7
What is the remainder when 191 is divided by 71?
49
Calculate the remainder when 2127 is divided by 15.
12
What is the remainder when 1216 is divided by 249?
220
Calculate the remainder when 2454 is divided by 9.
6
Calculate the remainder when 10077 is divided by 168.
165
What is the remainder when 226 is divided by 52?
18
What is the remainder when 903 is divided by 5?
3
What is the remainder when 598 is divided by 75?
73
Calculate the remainder when 2130 is divided by 22.
18
What is the remainder when 610 is divided by 13?
12
Calculate the remainder when 5642 is divided by 3.
2
Calculate the remainder when 14211 is divided by 34.
33
What is the remainder when 172 is divided by 81?
10
What is the remainder when 49 is divided by 41?
8
What is the remainder when 186 is divided by 7?
4
Calculate the remainder when 149 is divided by 10.
9
What is the remainder when 150 is divided by 27?
15
Calculate the remainder when 50 is divided by 18.
14
Calculate the remainder when 1422 is divided by 18.
0
Calculate the remainder when 829 is divided by 52.
49
What is the remainder when 74 is divided by 8?
2
What is the remainder when 7181 is divided by 54?
53
What is the remainder when 112 is divided by 38?
36
Calculate the remainder when 10855 is divided by 21.
19
Calculate the remainder when 135 is divided by 72.
63
Calculate the remainder when 36 is divided by 8.
4
What is the remainder when 10277 is divided by 149?
145
What is the remainder when 53 is divided by 15?
8
What is the remainder when 192 is divided by 28?
24
What is the remainder when 177 is divided by 63?
51
What is the remainder when 544 is divided by 91?
89
Calculate the remainder when 7505 is divided by 221.
212
Calculate the remainder when 870 is divided by 435.
0
What is the remainder when 221 is divided by 56?
53
What is the remainder when 894 is divided by 64?
62
Calculate the remainder when 237 is divided by 48.
45
Calculate the remainder when 687 is divided by 116.
107
What is the remainder when 5684 is divided by 11?
8
What is the remainder when 1273 is divided by 331?
280
Calculate the remainder when 212 is divided by 56.
44
Calculate the remainder when 1397 is divided by 25.
22
What is the remainder when 23798 is divided by 50?
48
Calculate the remainder when 46 is divided by 12.
10
Calculate the remainder when 4759 is divided by 68.
67
What is the remainder when 11068 is divided by 3688?
4
Calculate the remainder when 233 is divided by 60.
53
Calculate the remainder when 7790 is divided by 20.
10
Calculate the remainder when 491 is divided by 13.
10
Calculate the remainder when 40 is divided by 29.
11
Calculate the remainder when 299 is divided by 138.
23
What is the remainder when 381 is divided by 37?
11
Calculate the remainder when 153 is divided by 58.
37
What is the remainder when 107 is divided by 23?
15
Calculate the remainder when 89 is divided by 48.
41
Calculate the remainder when 3644 is divided by 135.
134
Calculate the remainder when 124 is divided by 62.
0
Calculate the remainder when 157 is divided by 5.
2
What is the remainder when 203 is divided by 12?
11
Calculate the remainder when 3678 is divided by 166.
26
Calculate the remainder when 799 is divided by 80.
79
Calculate the remainder when 12356 is divided by 47.
42
Calculate the remainder when 1664 is divided by 21.
5
What is the remainder when 102 is divided by 13?
11
What is the remainder when 302 is divided by 100?
2
What is the remainder when 78 is divided by 74?
4
What is the remainder when 281 is divided by 19?
15
What is the remainder when 788 is divided by 79?
77
What is the remainder when 392 is divided by 30?
2
What is the remainder when 679 is divided by 34?
33
What is the remainder when 250 is divided by 11?
8
Calculate the remainder when 968 is divided by